2. Let k be b(-5). Suppose -c = -5*n + 51 - 131, -3*c = k*n + 15. What is the tens digit of (4 - (-145)/n)*-12?
6
Let i = 3 + 160. Let c = 235 - i. What is the units digit of c?
2
Let w(t) = -t**2 + 5*t - 2. Let c be w(3). Suppose q - c - 3 = 0. Let l = q + -5. What is the units digit of l?
2
Let j = -15 + -7. Let r be (-4)/10 - j/5. Suppose r*c - 27 = 1. What is the units digit of c?
7
Let s be (47*-1)/(5/(-5)). Suppose 5*x + 4*o - 204 + s = 0, -x + o + 35 = 0. What is the units digit of x?
3
Let a(m) = -3*m - 9. Let t be a(-5). Let v = t - -1. What is the units digit of v?
7
What is the units digit of (-5457)/34*(-4)/3?
4
Suppose 3*r - g = 11, 20*r - 24*r + g = -13. Let l = 99 + -6. Suppose r*u = 5*u - l. What is the units digit of u?
1
Let t(p) = 3*p + 4. Let z be t(0). Suppose -z = -2*s, -164 = -4*b + s + 86. What is the tens digit of b?
6
Suppose 323 = -6*a - 337. Let z = 217 + a. What is the tens digit of z?
0
Suppose 5*o - 412 + 1217 = 0. Let j = o + 312. What is the hundreds digit of j?
1
Suppose -t + 3*m = -65, 2*t = -2*m + 7*m + 131. Suppose 3*y - 59 = -4*x + 40, -4*y - t = -3*x. What is the units digit of x?
4
Let p be 20/110 + 46/(-11). What is the tens digit of p*((-3)/(-4))/(21/(-763))?
0
Let m(g) = 8*g - g**2 + 255 - 252 - 4*g. Let x(d) = -d**3 + 2*d**2 + 3*d + 3. Let a be x(3). What is the units digit of m(a)?
6
Let g(p) = 25*p + 4. Let v(l) = -24*l - 4. Let n(o) = -3*g(o) - 2*v(o). What is the units digit of n(-1)?
3
Suppose -4*r = 12 + 44. Let t = 9 - r. What is the tens digit of t?
2
Suppose -8*y + 255 = -417. What is the units digit of y?
4
Let m be 4 - (-1 + 0 - 2). Let t(g) = -m + g - 3*g + 0 - 3*g. What is the tens digit of t(-6)?
2
Let l(h) be the second derivative of h**4/6 + h**3 - 5*h**2/2 - 12*h. What is the tens digit of l(4)?
5
Suppose l = -0*d - 2*d, -15 = -5*d. Let r(k) = -15*k. Let m be r(l). What is the tens digit of (-1736)/(-30) + 12/m?
5
Suppose -2*m + 1681 = u, -5*u - 836 - 2561 = -4*m. What is the hundreds digit of m?
8
Suppose 243 = -7*b + 306. Let c(u) be the second derivative of u**4/6 - 13*u**3/6 + 3*u**2/2 + u. What is the units digit of c(b)?
8
Let j(z) = 74*z**2 + 1. What is the tens digit of j(2)?
9
Suppose -4*d = -20*d + 13856. What is the units digit of d?
6
Let s(a) = -15*a - 13. Let c be (4/(-8) + (-21)/6)/1. What is the tens digit of s(c)?
4
Let t = -11 - -14. Let i(r) = -t*r - r + 4*r - r + 7. What is the units digit of i(-5)?
2
Let l = -998 + 4516. What is the thousands digit of l?
3
Suppose -4*f + 3*f + 3 = 0. Suppose 2*h - 3*h = -3*r + 286, 0 = 5*r + f*h - 472. What is the tens digit of r?
9
Let f = 463 - 436. Suppose p + 2 = 2*p - 3*n, 4*p - 3*n = 8. Suppose -f = -p*i + i. What is the units digit of i?
7
Suppose 4*d = -5*w - 36, 5*w + 21 = 3*d - 22. Let o = 13 + w. What is the units digit of (-351)/(-15) - 2/o?
3
Suppose -2*p + 16601 = 3795. What is the thousands digit of p?
6
Let u = -16 - -13. What is the tens digit of u/6*-685 - 15/(-10)?
4
Suppose -2*c + 1037 = 3*k, -6*k + 2*k = 20. What is the units digit of c?
6
Suppose 3*g + 4*c = -14 + 5, 0 = -2*g + 2*c - 6. What is the units digit of -654*(-1)/(-9)*g?
8
Let a = 12 + -20. Let c = a + -4. Let i(b) = -b**3 - 12*b**2 + 8. What is the units digit of i(c)?
8
Let d be 0/1 + (-2 - 26). What is the units digit of d/(-6)*33/2?
7
Let w = 2545 - 1634. What is the units digit of w?
1
Suppose -56*y + 142*y - 183954 = 0. What is the tens digit of y?
3
Let y(p) = -4*p**2 + 22*p + 6. Let k be y(6). What is the tens digit of 115 - 2/(4 + k)?
1
Suppose -g - 4 = -3*g. Suppose -g*i + 210 = i. What is the units digit of i?
0
Suppose -151 = -k - 42. Suppose 0 = 108*n - k*n + 106. What is the tens digit of n?
0
Let q(g) = -g + 43. Let r be q(10). Suppose 38*y = r*y + 1140. What is the tens digit of y?
2
Let n = 413 - 828. What is the tens digit of ((n/10)/((-1)/(-4)))/(-2)?
8
Suppose t + 4 = 7. Let n(k) = 17*k - 2*k**2 - 16*k - 7 + 5*k**2. What is the units digit of n(t)?
3
Suppose -9*a - 148 = -481. Let l = 27 - 53. Let o = a + l. What is the tens digit of o?
1
Let t(y) = 0*y**2 - 305*y - 5*y**2 - 303*y + 612*y + 3*y**3 - 3. Suppose p + 0*j = -3*j - 3, -2*j = 4*p - 8. What is the tens digit of t(p)?
4
Let i = -24 + 32. Suppose i*k - 368 = 576. What is the tens digit of k?
1
Let q be 27*(-2 - 0 - -3). Suppose 3*n - 10 = -v, 5*v + 5 = -n + q. Suppose -3*t = -2*b, 3*b + n*t = 4*b + 1. What is the units digit of b?
3
Let p(l) = -6*l - 36. Let v be p(-17). Let n = v - 60. What is the units digit of n?
6
Let i = 5399 + -2959. What is the tens digit of i?
4
Suppose -304 = -3*p + 380. Suppose 13*n = 11*n + p. What is the tens digit of n?
1
Suppose 5*y - 4*n - 22622 = 0, -13*y = -11*y + n - 9041. What is the hundreds digit of y?
5
Suppose -315*r = -353*r + 186960. What is the thousands digit of r?
4
Let z(c) = 3*c**2 + 8*c + 54. What is the units digit of z(14)?
4
Suppose -2*q = q + 12, -2*n + 5*q = 48. Let m = -30 - n. Suppose m*p + 3*u - 169 = 0, 3*p = -3*u + 4*u + 143. What is the tens digit of p?
4
Let o be (-4)/(1/((-84)/8)). Let i = 29 + o. What is the units digit of i?
1
Suppose 5*n - 1668 = -p, 6*n = 2*n - p + 1334. What is the hundreds digit of n?
3
What is the thousands digit of (-3221)/(5/2*2/(-5))?
3
Suppose -1566 = -5*u + 74. Suppose 0 = -3*y - y + u. What is the tens digit of y?
8
Suppose o + 6*t - 3*t + 5 = 0, 4*o = -3*t + 16. Let u = 53 - o. Suppose 3*m - k - u = 14, -4*m + 2*k + 80 = 0. What is the tens digit of m?
2
Suppose g = 3*w - 14, 38*g + 78 = 34*g + w. Let c(j) = -2*j + 1. Let i be c(1). What is the units digit of i + g/(-4) + 3?
7
Suppose -1761*b + 1770*b - 38376 = 0. What is the hundreds digit of b?
2
Let y(p) = -p**3 - 11*p**2 + 2*p - 10. Let l(i) = -i**2. Let o(c) = -4*l(c) + y(c). Let r be o(-7). Let m = r + 50. What is the tens digit of m?
2
Suppose 0 = -5*j - 6 - 4. Let w be (-1 - 0 - j) + 3. Suppose -5*d = 3*a - 7*a - 195, -2*d - w*a + 78 = 0. What is the units digit of d?
9
Let k = -648 + 1769. What is the hundreds digit of k?
1
Let y be (-3 + (9 - 4))/((-2)/(-170)). Suppose y = 3*x - 118. What is the tens digit of x?
9
Suppose 4*v + 4*m = -4, -3*m = -3*v + 2 + 1. Suppose 4*h = -4*y + 520, -4*h + 2*h - y + 256 = v. What is the units digit of h?
6
Let o = 33 - 18. Suppose -90 = -a + o. Suppose -a = -q - 2*q. What is the tens digit of q?
3
Let h(a) = -3*a - 14. Let s be h(-6). Suppose -s*w + 192 = 4*w. What is the tens digit of w?
2
Let x be (-1)/2 - (-1 + (-85)/(-2)). Let z = 75 - x. What is the hundreds digit of z?
1
Let q(j) be the first derivative of j**3/3 - 3*j**2/2 + 20*j - 18. What is the units digit of q(11)?
8
What is the tens digit of (36 + 3)*(-6 + 9)?
1
Let j(d) = d**3 + 4*d**2 - 6*d - 10. Let k be j(-4). Let p be (343/k)/(2/(-4)). Let a = -22 - p. What is the tens digit of a?
2
Let o(j) = -10*j**2 - 7*j + 2*j**3 - j**3 - 8 - 7 + 27*j. What is the units digit of o(10)?
5
Let k(i) = 38*i**3 - i**2 + 4*i - 5. What is the hundreds digit of k(2)?
3
Let o(i) = 14*i**2 - 30*i + 356. What is the hundreds digit of o(11)?
7
Let x(h) = h - 8. Let w be x(8). Suppose y = -b - 2, w = 4*b - 8*b - 8. Suppose -16 = -4*n, -3*v - v + 4*n + 136 = y. What is the units digit of v?
8
Let t(f) be the third derivative of 2*f**5/15 - f**4/6 + 3*f**2. Let u be t(3). Suppose 4*k - u - 12 = 4*w, 5*k = 3*w + 96. What is the tens digit of k?
2
Suppose 0 = -7*t - 2*t + 5643. What is the tens digit of t?
2
Suppose -9*s + 13*s = 616. What is the hundreds digit of s?
1
Suppose -10*v + 1920 = -4*v. Suppose 5*h = -0*h + v. What is the tens digit of h?
6
Suppose 5*r + 2 = j + 18, -r = -2*j - 5. Suppose 0 = r*n + 2*n + 5*g - 615, -361 = -3*n - 5*g. What is the hundreds digit of n?
1
Let d = -26 + 23. What is the units digit of 0 + 188 + (0 - d)?
1
Suppose -3*k + 66 = 12. Let t = k + -20. What is the tens digit of (-102)/(-10) + t/10?
1
Let t be 10/15 - 56/3. Let x(z) = -z + 4. What is the tens digit of x(t)?
2
Suppose -23 = -2*v - 3. Let n be (4/(-5))/(4/v). What is the units digit of 2 - (2/n)/1?
3
Suppose -6*j = -0*j + 420. Let m = 53 - j. What is the units digit of m?
3
Let w(n) = n**3 - 9*n**2 + 10*n - 20. Suppose 5*s + 4*z = z + 45, -3*s = -z - 27. What is the tens digit of w(s)?
7
Let l(v) = -117*v + 158. What is the tens digit of l(-5)?
4
Le